ppose -3*y - w = -r*y. What are the prime factors of y?
2, 43
Let v(m) = 188*m**2 + 35*m - 177. What are the prime factors of v(6)?
3, 2267
Suppose 16*f = 17*f - 20. Suppose 0 = -f*b + 17*b - 654. Let z = 335 + b. What are the prime factors of z?
3, 13
Let a(o) = 96*o**2 + 16*o - 17. Let w be a(-5). Let m = w + -896. List the prime factors of m.
3, 7, 67
Let u(g) = -74*g + 18. Suppose 0*i = -3*i + 12, 5*i - 40 = 5*d. Let x(m) = 74*m - 19. Let h(o) = d*u(o) - 5*x(o). What are the prime factors of h(-3)?
5, 7
Suppose 2*c - b - 19 = -4, 42 = 5*c - 4*b. List the prime factors of 6 - (-359)/c - 2/(-12).
2, 3, 11
Let g = 2097 - -1665. List the prime factors of g.
2, 3, 11, 19
Let l(x) = -4354*x - 1659. What are the prime factors of l(-3)?
3, 7, 181
Let n(i) = -i**3 - 36*i**2 + 24*i - 39. Let k(t) = -3*t**3 - 72*t**2 + 47*t - 79. Let u(r) = 3*k(r) - 7*n(r). List the prime factors of u(17).
5, 31
Let l(i) = 4443*i**2 + 105*i + 295. List the prime factors of l(-3).
17, 2351
Let q = 859 - -709. Suppose r = -2*i + q, 4*r + 9*i = 11*i + 6312. List the prime factors of r.
2, 197
Let k be -1 - -1*(-3 - -1 - -2). Let l be 2 + 1 - k - (2 + 2). Suppose -5*y + 3*w + 845 = 0, -20 = -4*w - l*w. List the prime factors of y.
2, 43
Suppose 85*i = 84*i + 2. Suppose i*s + s = 3. List the prime factors of (-68)/170*(3*-8 - s).
2, 5
Let z(d) be the second derivative of -d**4/12 + 11*d**3/6 + 313*d**2/2 + d - 62. List the prime factors of z(0).
313
Let x = 126 - 199. Suppose -92*o = 2136 + 5408. Let n = x - o. List the prime factors of n.
3
Let n(j) = j**2 - 2*j + 6 + j**3 - 2*j**2 + 5*j**2. Let p be n(-4). Suppose p = -x + 102. List the prime factors of x.
2, 11
Let r = 178 + 5454. What are the prime factors of r?
2, 11
Suppose -2715*o + 1294020 = -2610*o. List the prime factors of o.
2, 3, 13, 79
List the prime factors of ((-21)/(-6))/((-126780)/(-9752) + -13).
7, 23, 53
Suppose -4*c - 13*j + 186207 = -10*j, 4*j = -3*c + 139650. What are the prime factors of c?
2, 3, 7759
Let s(i) = i**3 + 5*i**2 + 3*i - 3. Let q be s(-3). Suppose q*m = 10 + 8. Suppose -m*k - 4*v = 2*k - 369, 2*k - 4*v = 170. What are the prime factors of k?
7, 11
Let d = -156 - -176. Suppose p - w = -0*w, 0 = p + w + 6. List the prime factors of 1480/d + 3/(2 + p).
71
Let q = -44 + 46. Suppose -368 = q*t - 1074. List the prime factors of t.
353
Suppose 6*w + 10 = 7*w. Let v be 2*3 + 5/(w/(-2)). Suppose 0 = -5*x - 5*z + 25, -4*z + 13 = v. List the prime factors of x.
3
Suppose 46 = 6*x - 68. Let k = -64 + x. Let l = 88 + k. What are the prime factors of l?
43
List the prime factors of ((-65)/5 - 2)/(45/(-18)) - -48754.
2, 5, 23, 53
Let i = 26834 - 113. List the prime factors of i.
3, 2969
Let j = 2631 - 162. What are the prime factors of j?
3, 823
Suppose -2*n - 3*w = -68665, 3*w + 1469 = -5*n + 173127. What are the prime factors of n?
11, 3121
Let v be 1780/(-11) + (-14)/77. Let j = v - -248. Let a = j + -53. What are the prime factors of a?
3, 11
Let j be (2 - 3) + 4 - -9. Suppose j*m - 373 = 59. What are the prime factors of (-2 + m/15)*(-1 + 351)?
2, 5, 7
Suppose 0*b - b + 149 = 0. Suppose -4*q = -0*k + 3*k - 284, 0 = 5*q + 2*k - 355. Let m = b - q. List the prime factors of m.
2, 3, 13
Let w(q) = -q**3 - 17*q**2 + 25*q - 17. Let t be w(-18). Let c = t - -210. List the prime factors of c.
67
What are the prime factors of 35865/(-27)*54/(-45)?
2, 797
Let p be 6/4*1*(-28)/(-42). Let a(u) = 14*u. Let h be a(p). List the prime factors of 526/h - (-27)/63.
2, 19
Let v(c) = -124 + 24*c + 277 - 106. List the prime factors of v(9).
263
Let w = -105 + 105. Suppose -6 = -3*m + 3*z + z, w = 4*z. Suppose m*d - 5*j + 337 = 4*d, 4*j = -2*d + 340. What are the prime factors of d?
2, 11
Let b = -2721 - -1004. Let q = -1195 - b. List the prime factors of q.
2, 3, 29
Let i be (10 - 12)*1/(0 + -1). Suppose -3*h = i*h. Suppose -4*y = -8 - h, 4*d + 3*y = 426. List the prime factors of d.
3, 5, 7
Suppose -4138 = -5*v - g, 0*v + 2*g = 4*v - 3316. What are the prime factors of v?
2, 3, 23
Let c = 22318 - 6124. What are the prime factors of c?
2, 3, 2699
Suppose 0 = -5*m + 4*v + 139873, -4*m = 3*v - 69383 - 42565. What are the prime factors of m?
3, 3109
Let h be ((-6)/(-21) - 470/(-70))*815. Suppose -5*v = -5*y - h, y + 69 = -v + 1200. What are the prime factors of v?
2, 71
What are the prime factors of 23886 + (-31 - (4 - 24))?
5, 191
Let m(w) = -23*w + 2. Let p(t) = 3*t**2 + t. Let s be p(-3). Suppose -16*a + s*a + 48 = 0. List the prime factors of m(a).
2, 5, 7
Let i be (-6)/18*(1 - -2). Let b be (-143)/(-2)*(i - 1). Let z = b - -230. List the prime factors of z.
3, 29
Let q = 39 - -75. Let p = -43 + q. List the prime factors of p.
71
Suppose 2296*u - 2295*u - 15627 = 0. What are the prime factors of u?
3, 5209
Let y(c) = 2*c**2 - 24*c - 7. Let m be y(13). Suppose m = -a + 21. Suppose -4*l = -a*n - 354, -35 = -2*l - 2*n + 157. What are the prime factors of l?
7, 13
Suppose -4*m - 117 = -281. Let v(g) = g**3 - 31*g**2 - 65*g - 31. Let l be v(33). Suppose l*p - m - 101 = 0. List the prime factors of p.
71
Let r(p) = -p**3 - 4*p**2 + p - 26. Let a be r(-8). Suppose u = 260 + a. What are the prime factors of u?
2, 241
Let b = -26532 + 55824. What are the prime factors of b?
2, 3, 2441
Let k be (-4)/4 - 22/(2 - 4). Suppose -3*o = -4*b - k - 0, 5*o = 2*b + 12. Suppose -1173 = -3*x - 2*x - 3*z, 482 = o*x - 2*z. List the prime factors of x.
3, 79
Let m(u) = 16*u**2 + 88*u + 199. Let g(n) = 9*n**2 + 45*n + 99. Let c(p) = 7*g(p) - 4*m(p). What are the prime factors of c(-6)?
83
Let n(s) = 5*s**3 - 4*s**2 + 23*s - 48. Let r be n(3). Let t be ((-4)/(-6))/((-1)/(-6)). List the prime factors of (3/t)/(1/r).
2, 3, 5
Suppose -120 = -218*l + 203*l. Let p(g) = 40*g + 16. Let f(c) = 13*c + 5. Let k(z) = 14*f(z) - 4*p(z). What are the prime factors of k(l)?
2, 7, 13
Let q = -14242 - -37851. What are the prime factors of q?
23609
Let b be (9/(-2) + 5)/((-3)/(-264)). Let i = -44 + b. Suppose -3*f = -5*k - 73, i*f - 2*k - 67 = -3*f. What are the prime factors of f?
3, 7
Suppose 15*i + 14*i - 21518 = 0. Let t = i + -322. What are the prime factors of t?
2, 3, 5, 7
Let a(w) = -w**3 + 6*w**2 - 12*w + 34. Let t be a(8). Let b = t + -342. Let g = -331 - b. What are the prime factors of g?
3, 67
Let a = 70 - 63. Let u(b) = b**2 - 5*b - 9. Let d be u(a). Suppose -273 = -d*p + 167. What are the prime factors of p?
2, 11
Suppose 60*p - 21*p - 902733 = 0. List the prime factors of p.
79, 293
Let y = 127 - -181. List the prime factors of ((-34)/(-4))/(14/y).
11, 17
Let s(a) = a + 28. Let m be s(-14). Let w(l) = m + 14 - 7 + 3*l + 10. List the prime factors of w(-6).
13
Let i(w) = 2*w - 6. Let g be i(-5). Suppose -3*f - 1 + 13 = 0. List the prime factors of f - g - (4 + -8).
2, 3
Suppose -3*z = 5*k + 2*z + 2580, 5*k = 2*z - 2545. Let b = k - -888. List the prime factors of b.
13, 29
Let r be (-10)/(-35) + 16922*2/28. Suppose 10*t + r - 4049 = 0. Suppose 3*h + t = d, 4*d - 2*h - 231 = 895. List the prime factors of d.
281
What are the prime factors of (2/33 - 53635833/5049)/(-1*1)?
3, 3541
Let x(s) = 70*s - 45. Let b be x(-5). Let y = -39 - b. List the prime factors of y.
2, 89
Let g = 7274 + -6940. List the prime factors of g.
2, 167
Let w(q) = -q**3 - 19*q**2 - 65*q - 1. Let j = -604 - -584. What are the prime factors of w(j)?
1699
Let c = -63 - -69. Let a be (6/9)/(c/(-45)). List the prime factors of (5 + 23/a)*505.
2, 101
Let n be 1 + 0 + (374 - -4). Suppose -5*j = -206 - n. Let s = j - 23. List the prime factors of s.
2, 47
Suppose 2*u + 814 + 360 = 2*v, -5*u - 587 = -v. What are the prime factors of v?
587
Let u(r) = -677*r - 5955. What are the prime factors of u(-26)?
19, 613
Suppose 32100 = b + 3*n, -5*b + 3*n - 4237 = -164665. What are the prime factors of b?
2, 3, 7, 191
Let r(b) = -b**2 - 18*b - 13. Let y be r(-17). Suppose 1 + 5 = 3*q, -y*q - 559 = -3*t. What are the prime factors of t?
3, 7
Let g(n) = -26*n - 166. Let p = 61 + -85. What are the prime factors of g(p)?
2, 229
Let l(h) = -h**2 - 25*h - 45. Let i be l(-23). List the prime factors of (-9)/21 + i + 54210/70.
5, 31
Let d(y) = -8953*y**3 - 18*y**2 - 8*y + 1. What are the prime factors of d(-2)?
71569
Suppose -189 = -3*g + 4*v, -4*v + 143 = 2*g - v. Suppose -14*z + 73 = -g. What